-198)?
9
Let h(j) be the third derivative of -j**6/120 - j**5/15 + 7*j**4/24 + 8*j**3/3 - 13*j**2. Calculate the remainder when h(-7) is divided by 58.
56
Let o(n) = n**3 + 143*n**2 - 978*n + 14. What is the remainder when o(7) is divided by 37?
0
Let p(h) = -h**2 - 34*h - 53. Let t be p(-32). Suppose -12*i + 81 = -t*i. What is the remainder when i is divided by 41?
40
Let z = -977 + 1015. Let a = 108 - 45. Calculate the remainder when a is divided by z.
25
Suppose 4*h - 52 = -i, -84 = -5*i + 3*h + 84. What is the remainder when 713 is divided by i?
29
Let o = 22 + -16. Suppose -4*k - 6*r + 94 = -11*r, 3*k - 67 = 2*r. Calculate the remainder when k is divided by o.
3
Let y(x) be the second derivative of 37*x**5/20 + x**4/12 - x**3/3 + 3*x. Suppose 17*l = 12 + 5. What is the remainder when 177 is divided by y(l)?
33
Suppose 40 = 9*a - 14*a. Suppose 0 = -3*z + 27 - 6. What is the remainder when z is divided by (-2)/((-16)/6)*a/(-3)?
1
Suppose -62000 = 18*w + 32*w. Let u = -1134 - w. Suppose 4*g - 118 = -6*y + 3*y, g = 2*y + 24. What is the remainder when u is divided by g?
22
Let t = 974 - 951. Let c(v) = -2 - 73*v - 17*v - 26*v. What is the remainder when c(-1) is divided by t?
22
Let d(j) = -5*j - 7*j**2 + j**3 + 37 + 14*j**2 - 23. Let l = 36 + -19. What is the remainder when d(-7) is divided by l?
15
Suppose 9*i - 4*i = -r + 443, -1747 = -4*r + 5*i. Let m = 476 - r. Calculate the remainder when 189 is divided by m.
37
Suppose -2*t = -s + 38, 4*s + 2*t - 5*t = 137. Let u = -23 - -26. Calculate the remainder when s is divided by u/(12/56) + -3.
10
Let x = -278 - -463. Suppose -3*g = 2*g - x. What is the remainder when -73*(-8 - 21/(-3)) is divided by g?
36
Let l be (53/(-4))/((-12)/96). Suppose l*v - 110*v + 440 = 0. Calculate the remainder when v is divided by 16.
14
Suppose -2*f = -2*h - 8, 0 = -4*h - 15 + 11. Suppose 2*z - 359 - 37 = 0. Suppose 15*v + f*v - z = 0. Calculate the remainder when 129 is divided by v.
8
Let o(r) = 7*r - 35. Let v be o(13). Suppose -4*f = 5*m - m - v, -2*m + 16 = 5*f. Calculate the remainder when 89 is divided by m.
17
Suppose -p = -2*p + 4*x + 18, 5*p + 6 = -4*x. Let d = 52538 - 52490. What is the remainder when d is divided by 9 - (-1*3 + p)?
8
Let t(o) be the first derivative of -o**4/2 + 2*o**2 + 3*o + 43. Calculate the remainder when (-2)/5 + 621/15 is divided by t(-2).
8
Let h(v) = -40*v - 4 + 20*v + 26*v - 6. Let i be h(2). Suppose 4*o - 2 = -6, i*o = 5*k - 397. Calculate the remainder when k is divided by 20.
19
Suppose 13*x - 14 = 14*x - 5*o, o - 4 = 0. Suppose -3*b = -x, 0*d + 2*d + 5*b = 84. Calculate the remainder when 133 is divided by d.
22
Let d be (60/4)/3*(-3 + 4). Suppose d = 5*p, p + 75 = -60*c + 62*c. What is the remainder when 378 is divided by c?
36
Suppose -3*t = -161 + 41. Suppose u = 4*m + 3*u - t, 64 = 4*m - 4*u. What is the remainder when (20/(-8))/(35/(-658)) is divided by m?
11
Calculate the remainder when 1166 is divided by (18/21)/(((-136)/306)/((-2716)/18)).
2
Let k(m) = 12*m + 52. Let r be k(-5). What is the remainder when 379 is divided by 9/((-27)/(-120)) - r?
43
Suppose -16*u + 276 = -300. Let d(x) = 9*x**2 + 4*x - 1. Suppose 0 = 5*h - 0*h + 15. What is the remainder when d(h) is divided by u?
32
Suppose -7*g + 293 = -312 - 95. What is the remainder when 192 is divided by g?
92
Let g = -26 - -34. Let m(k) = 24*k - 22. Let x be m(g). Suppose 0 = 5*i + 3*a - x, 83 = 4*i - i - 2*a. Calculate the remainder when i is divided by 8.
7
Let p = 6 + -7. Suppose 41*s - 5783 + 1150 = 0. What is the remainder when s is divided by p/(1/(-21)) + 2?
21
Let y = 2822 - 2687. Suppose 5*l + 0*l - 5 = 0, -2*j = 3*l - 11. What is the remainder when y is divided by j?
3
Let v = 42 - 14. Let b = v - 38. Let w(p) = -p**3 - 10*p**2 - 2*p - 5. Calculate the remainder when 73 is divided by w(b).
13
Let v = -28605 - -28679. Calculate the remainder when 438 is divided by v.
68
Let f(a) = 15*a - 16. Let u be f(-7). Let i = u + 214. Let j = -103 - -122. What is the remainder when i is divided by j?
17
Let p(v) = 76*v**2 + v + 11. Suppose 0*o = -3*o - 4*l - 10, -14 = 5*o + 4*l. Calculate the remainder when p(o) is divided by 15.
13
Let b = 4230 - 4139. Calculate the remainder when 178 is divided by b.
87
Calculate the remainder when (-3)/(-5) - -2*(-2204)/(-20) is divided by 111.
110
Let y be 16 + 5/((-20)/16). Calculate the remainder when 37 is divided by ((-10)/4)/((-2)/y).
7
Let c = -39 - -202. Let z be 100 + 2/(-1) - (10 - 8). Let r = -55 + z. What is the remainder when c is divided by r?
40
Calculate the remainder when 1/17 + 55902/187 is divided by 79.
62
Let s = 50 + -43. Suppose -392 = -s*x - 119. Let t = 27 - 7. Calculate the remainder when x is divided by t.
19
Let x = -133 - 13. Let b = x + 248. Calculate the remainder when b is divided by 26.
24
What is the remainder when (9/45)/(28914/(-7230) + 4) is divided by 69?
34
Let r(v) = -12*v + 95. Let m be r(7). Suppose -8*q + m*q = 852. What is the remainder when q is divided by 22?
20
Suppose 2*q - 3*o = 23, -86*q + 5*o = -85*q - 22. What is the remainder when 2308 is divided by q?
5
Let y = 3494 + -1945. Suppose 0 = 9*k - y + 271. What is the remainder when k is divided by 16?
14
Let a(b) = b**3 + 4*b**2 + 3*b + 8. Let k be a(4). Let g = 164 - k. What is the remainder when 271 is divided by g?
15
Let p(z) = z**2 - 6*z - 213. What is the remainder when 746 is divided by p(-13)?
32
Let x be ((-147)/3)/(-7) + 36. Suppose -19*f + x = -18*f. Calculate the remainder when 171 is divided by f.
42
Suppose 0 = 6*x - 4564 - 13106. Calculate the remainder when x is divided by 44.
41
Let n(u) = -315*u + 5613. What is the remainder when n(14) is divided by 1193?
10
Suppose 76*d - 437682 = 25*d. What is the remainder when d is divided by 17?
14
Let z(v) = -89*v + 9. Suppose 2*m = u - 3*m - 12, 2*u = m - 12. Let c(x) = -x**3 - 7*x**2 + 6*x - 1. What is the remainder when c(u) is divided by z(0)?
6
Let z(m) = m**2 - 19*m + 30. Let c be z(21). Let g = -67 + c. Let q = 17 + g. Calculate the remainder when 43 is divided by q.
21
Let z = -55 - -55. Suppose 365 = 5*b - z*b. Suppose 0 = -r - 2*j + 8, -2*r = 3*r - j - b. Calculate the remainder when 40 is divided by r.
12
What is the remainder when (2 - 76)/((-38)/4408) is divided by 159?
157
Let g = 30 + -24. Let b be 2/g - (-4494)/(-63). Let m = -49 - b. What is the remainder when 241 is divided by m?
21
Let x(h) = -h**3 + 13*h**2 - 4*h - 38. Let t = 266 + -255. What is the remainder when x(t) is divided by 54?
52
Suppose 0 = -51*t + 4431 - 198. What is the remainder when 1986 is divided by t?
77
Suppose -z = -3*z - 0*z. Suppose 3*q - q - 4 = z. Suppose -28 = -q*m - 2*m. What is the remainder when 18 is divided by m?
4
Let c = -2361 - -2450. Calculate the remainder when c is divided by 59.
30
Suppose 25 = -5*m + 70. Suppose m*u - 8*u = 0. Suppose u = -6*i + i + 625. Calculate the remainder when i is divided by 32.
29
Let f = -77 - -89. Let i(g) = -g**3 + 11*g**2 + 13*g - 3. Let x(t) = -t + 13. What is the remainder when x(-13) is divided by i(f)?
8
Suppose 27*d = -o + 30*d + 520, -5*o + 3*d = -2516. What is the remainder when o is divided by 83?
1
What is the remainder when 9*2*(-1081)/(-141) is divided by 92?
46
Let u be (-49)/(-196) + 75/4. Suppose 0*y = -u*y + 1539. What is the remainder when y is divided by 22?
15
Let f = 32 + -42. Let i = f + -6. Calculate the remainder when 127 is divided by (-16)/(-6)*4/i*-39.
23
Let k(t) = 7*t**3 + 28*t**2 - 81*t + 2. What is the remainder when k(5) is divided by 23?
22
Let w = -34899 - -35044. Calculate the remainder when 187 is divided by w.
42
Let c be (-4)/2 + -9 + 2. Let v = -6 - c. Suppose 4*g + g + j = 71, -29 = -v*g - 4*j. Calculate the remainder when 102 is divided by g.
12
Suppose 2*n - 2 = 8. Let i be -1*0/(-4 + 2). Suppose i = w + 32 - 58. What is the remainder when w is divided by n?
1
Suppose -4709 = 9*j + 2554. Let v = j + 816. What is the remainder when 366 is divided by v?
6
Suppose 0 = 9*q + 36, 17*f - 19*f + 5*q = -2636. What is the remainder when f is divided by 163?
4
Let u(l) = l**2 + 3*l - 5. Let s(m) be the first derivative of 2*m**3/3 + 5*m**2 + 6*m + 9. What is the remainder when s(-7) is divided by u(-5)?
4
Let k(j) = -1074*j - 4290. Calculate the rem